7*p**2 - p - 11. Let x(k) = 6*k**2 + k + 9. Let g(n) = -4*c(n) - 5*x(n). What is g(-3)?
-16
Let x(a) = -a**2 - 11*a. Let u be x(-11). Let w(v) = v**3 - 3*v**3 + 0*v + 2*v**2 + u*v**3 + 2*v. Give w(2).
-4
Let u(s) = s**2 + 21*s + 9. Suppose 0 = -68*x + 66*x - i - 37, 94 = -4*x + 2*i. What is u(x)?
9
Let z(a) = 2*a**3 - 3*a**2. Let p be z(2). Suppose d = p + 2. Let c(q) be the third derivative of q**4/24 - q**3/2 - 23*q**2. Calculate c(d).
3
Suppose 125*i - 246 = 84*i. Let s(n) = -n**3 + 3*n**2 + 7*n + 7. Calculate s(i).
-59
Let j = 0 - -1. Let g(h) = 10*h + 2. Suppose -6*u - 46 = -4. Let k(i) = 30*i + 7. Let m(w) = u*g(w) + 2*k(w). Give m(j).
-10
Let p(z) be the second derivative of 5/6*z**3 - 7/2*z**2 + z + 1/12*z**4 + 0. Let j be 1/(-5) + (-720)/150. Give p(j).
-7
Let b(l) = -l**3 - l**2 + 7*l + 6. Let y(v) = 6*v + 8. Let t be y(-2). Calculate b(t).
26
Let i = -26 + 19. Let u(b) = b**3 + 7*b**2 - 3*b + 6. Give u(i).
27
Let w(z) = 3 + 103*z**2 - 104*z**2 + 6*z - 1 + 0. What is w(6)?
2
Let b(o) = -5*o**2 + 6*o - 2. Let n(c) = c + 8. Let v be n(-10). Let z(g) = -g. Let r(a) = v*z(a) - b(a). What is r(2)?
14
Let g(s) = 17*s**3 + s**2. Let a be (2/(-4))/((-8)/16). Give g(a).
18
Let g(b) be the first derivative of b**5/60 - b**4/12 - b**3/3 + 29*b**2/2 - 12. Let d(j) be the second derivative of g(j). What is d(3)?
1
Suppose 2*d - 8 = 12*i - 9*i, 9*i = 3*d - 30. Let l(h) be the first derivative of h**3/3 - h**2/2 - 2*h - 1. Give l(d).
4
Let c(h) = -12*h**3 - 2*h**2 - h. Let u be (12 - 9)*(-2)/6. Determine c(u).
11
Let o = 90 + -91. Let v(s) be the second derivative of -s**3 - s**2/2 + 2*s. What is v(o)?
5
Let x(g) = g**2 + 19*g + 60. Let o be x(-5). Let n(l) = l**3 + 9*l**2 - 8*l + 19. Give n(o).
-1
Let l(i) be the third derivative of i**5/60 - 3*i**4/8 + 4*i**3/3 - 268*i**2. What is l(8)?
0
Let d(v) = 11*v**3 + 31*v**2 - 11*v - 53. Let h(p) = -18 + 10*p**2 - 4*p**3 + 8*p**3 + 2*p - 6*p. Let i(j) = 3*d(j) - 8*h(j). Determine i(-13).
-2
Let d(f) = -f**2 + 11*f - 18. Let y be d(3). Let c(q) = -q + 14. Calculate c(y).
8
Let v(b) = -3*b**3 - 7*b**2 - 2*b - 2. Let c be 3/2*40/12. Let f(r) = -4*r**3 - 8*r**2 - 3*r - 1. Let d(q) = c*v(q) - 4*f(q). Let h = 2 + 2. Determine d(h).
18
Let v(o) be the third derivative of o**6/60 - o**5/12 + o**4/6 - o**3/2 - 26*o**2. Let y be 15/6 - (-2)/4. Give v(y).
18
Let i(o) = 20*o**3 + 3*o**2 + 6*o + 2. Let f(q) = 21*q**3 + 5*q**2 + 8*q + 3. Let v(j) = 2*f(j) - 3*i(j). Calculate v(1).
-19
Let y(t) = -t**3 + t**2 + 3*t + 4. Let v = 174 + -171. Calculate y(v).
-5
Let h(q) be the first derivative of -q**4/4 + 16*q**3/3 + q**2/2 - 21*q - 195. Calculate h(16).
-5
Let t(j) = -4*j**3 - 2*j**2 + 6*j + 4. Let b(r) = -r**3 + r**2 + 3*r + 2. Let m(y) = -3*b(y) + t(y). Determine m(-4).
-6
Let v(u) = u - 3. Let h(b) = 1. Let d(j) = -2*h(j) + v(j). Calculate d(8).
3
Let i = 14 + -8. Suppose -2*h + 34 = h + 2*m, 0 = h + m - 11. Let g be ((-8)/h)/(2/i). Let c(y) = y**2 - 2*y - 3. Give c(g).
5
Let i = -19 + 16. Let j(l) = -3*l**2. Let k(a) = -a**3 - 5*a**2. Let f(s) = i*k(s) + 5*j(s). Calculate f(1).
3
Let f(b) = 4*b. Suppose -11 = 5*c + i, -c + 3*i = -0 + 15. What is f(c)?
-12
Let l = -51 - -27. Let s = l - -35. Let x be (-79)/s + 8/44. Let r(q) = q**3 + 7*q**2 - q - 2. What is r(x)?
5
Let s(m) = -m**2 + 7*m - 9. Suppose 2*p = p + 6. What is s(p)?
-3
Let z = -92 - -83. Let s(y) = y**2 + 9*y - 2. Give s(z).
-2
Suppose -m - 10 = 4*k, -5*k - 12 = 2*m - k. Let a(d) = -2*d + 4. Let n(q) = 1. Let z(i) = m*n(i) + a(i). Give z(6).
-10
Let r(p) = -2*p**3 - 6*p**2 - p + 7. Suppose 5*u - 32 = -3*b - 34, -3*b + 3*u - 18 = 0. What is r(b)?
43
Let l be (-106)/12 + (-2)/12. Let s(n) = -5 - 4 + 5 - n**3 - 9*n - 10*n**2. Give s(l).
-4
Let d(z) = 3*z - 4. Let c be d(18). Let k = 44 - c. Let f(t) = -5 - t + 2 - 3. Give f(k).
0
Let f(c) = -4*c - 46. Let w be f(-12). Let b(v) = w*v - 5*v + v + 2. Determine b(-5).
12
Let k(q) = 4*q**2 + 25*q - 49. Let x(b) = 3*b**2 + 17*b - 33. Let p(n) = 5*k(n) - 7*x(n). Determine p(5).
-9
Let o(u) = -2*u - 11. Let f(p) = -p - 5. Let l(s) = 5*f(s) - 2*o(s). Let b be l(-10). Let w(g) = 8 + b + 5*g - g**2 + 6 - 20. Give w(5).
1
Let a = -11 - -17. Let s(b) = 3*b - 1. Let r be s(2). Suppose r*j - a = -1. Let c(m) = -8*m**3. Calculate c(j).
-8
Let w(y) = y + 0*y + 1 + 0*y. Let d(o) = -10*o - 21. Let k(r) = -5*r - 10. Let a(z) = -6*d(z) + 13*k(z). Let t(i) = a(i) + 2*w(i). Calculate t(2).
-8
Suppose 10*v - 5 = -65. Let s(z) = -z**3 - 6*z**2 + 6*z - 5. What is s(v)?
-41
Let m = -5 - -4. Let l(y) be the first derivative of y**4/12 - y**3/6 + 5*y + 5. Let f(w) be the first derivative of l(w). Give f(m).
2
Let z(o) be the second derivative of -o**5/20 - 5*o**4/12 - o**3/3 - 3*o**2 + 23*o - 2. Determine z(-5).
4
Let k(b) be the first derivative of 1/3*b**3 - 1/2*b**2 + 9*b + 1. Let s = -22790 + 22790. What is k(s)?
9
Let i(b) be the first derivative of -b**2/2 + 5. Let o be (-16)/(-4)*11/4. Let p(y) = -2*y + 19. Let r be p(o). Give i(r).
3
Let y(i) be the first derivative of -i**3/3 + 3*i**2/2 + 9*i - 60. What is y(7)?
-19
Let q(w) = -61*w**3 - w - 1. Let z be q(-1). Let m(d) = -z*d**3 + 30*d**3 + 21*d**3 + 2*d**2 + 1 + 2*d. Give m(-1).
11
Suppose 5*b - 16 = -6. Let f(o) = -2*o**2 - o + b*o - 11 + 0*o**2 - o**3 + 11*o**2. What is f(9)?
-2
Let y(w) = 3*w - 10. Let g be (-4)/14 + (-30)/(-7). Let d be y(g). Let c(p) = -2*p**d + 200*p + p**2 - 6 - 194*p. Give c(4).
2
Let w be 5 - 3/(6/4). Let a be 2/(2*w/12). Let y(j) = -3*j + 0*j + 5 - a. What is y(-2)?
7
Let w be -19 - -13 - 1*-6. Let f(t) = -t**3 + t - 6 - 7*t**2 + 7*t**2. What is f(w)?
-6
Let t(v) be the third derivative of -v**6/24 - v**5/20 - v**4/24 + v**3/6 + 10*v**2 - 6*v. What is t(-2)?
31
Let s be 18/9 + (1 - 1). Suppose -3*x + s*x = 14. Let r = x + 18. Let m(p) = -4*p + 6. Determine m(r).
-10
Suppose 4*f = -2*g + 24, -f + 41 = g + 34. Let a(l) = -l - 5. Calculate a(g).
-7
Let i(w) = 3*w - 9. Let d(h) = 4*h - h - 6*h + 2*h. Let o(j) = 4*d(j) + i(j). Let m be 2/4 + 18/(-4). Give o(m).
-5
Suppose -n + 3*n - 24 = -4*z, -5*z - 58 = -3*n. Let q(s) = -s**2 + 18*s - 37. Let v be q(n). Let u(h) = h**2 + 5*h + 1. Determine u(v).
1
Let a = -3 - -3. Suppose a = 2*j + 6 - 18. Let b(y) be the second derivative of -y**5/20 + 7*y**4/12 - y**3 - 7*y**2/2 - 2*y. Determine b(j).
-7
Let n be (-1)/((1/(-8))/((-13)/26)). Let m(v) be the third derivative of -2*v**2 + 1/8*v**4 - 1/3*v**3 + 0*v + 0 + 1/60*v**5. Calculate m(n).
2
Let s(g) = g**3 - 3*g - 4 + 4*g - 5*g**2 + 2*g. Suppose -4*f = 3*t, -4*f + 0*f - 12 = 0. What is s(t)?
-8
Let t(j) = -41*j**2 - j + 1. Let z be t(-1). Let u = -47 - z. Let l(v) = -v**2 - 7*v + 7. Give l(u).
-1
Let k(t) = -2*t**2. Suppose -2*m - 296 = -5*o, o - 5*m = -2*o + 170. Suppose -4*h + 56 = o. Give k(h).
-2
Let i(l) = 3*l - 9. Suppose -5*f - 4*t + 323 = 0, -f + 6*f - 5*t - 305 = 0. Suppose 0*w = -9*w - f. What is i(w)?
-30
Let d(i) be the third derivative of i**9/60480 + i**8/5040 - i**7/5040 - i**6/720 + 7*i**5/60 - 8*i**2. Let c(m) be the third derivative of d(m). What is c(-3)?
11
Let s(a) = 28*a + 20*a - a**2 - 42*a - 3. Calculate s(9).
-30
Let p(o) = -19*o - 6. Let n(x) = 22*x + 7. Let q(t) = 6*n(t) + 7*p(t). What is q(4)?
-4
Let g(o) = -7*o**2 + 10*o - 18. Let m(v) = 9*v**2 - 11*v + 17. Let z(j) = -4*g(j) - 3*m(j). Calculate z(5).
11
Let l = -1134 - -1133. Let i(v) = 6*v + 3. What is i(l)?
-3
Let z = 98 + -98. Let i(x) = 7*x - 9*x + z*x + 3*x - 4. What is i(5)?
1
Let p(m) = 3*m - 5. Let o = 24 - 10. Let t = o - 8. Determine p(t).
13
Let y(f) = -f**3 - 5*f**2 + 2*f + 2. Let z(i) = i + 19. Let c be z(-9). Let o be (-6)/10 - (-14)/(-10). Let n be (c/(-2))/(o - -3). What is y(n)?
-8
Suppose f - j = -1, 5*f - j + 0*j = -5. Let v(m) = 45*m + 1 - 60*m - 1. Calculate v(f).
15
Let m = -469 - -476. Let l(q) = q**3 - 7*q**2 + 2*q - 3. What is l(m)?
11
Let o(j) = 3*j + 5. Let x(v) = v**2 - 4*v + 5. Let r be -3 + (-20 + -1)/(-3). Let h be x(r). Suppose h*m + 16 = m. What is o(m)?
-7
Let g(t) = -t**2 - 18*t - 7. Let x be g(-13). Let b = x + -64. Let o(v) be the second derivative of -v**3/2 - 7*v**2/2 + v. What is o(b)?
11
Let z(x) be the third derivative of x**5/20 + x**4/8 - x**3/3 + x**2. Let s = 12 - 8. Let p(w) = -w**2 + 3*w + 6. Let k be p(s). Determine z(k).
16
Let v(